or of 18828 and 1116.
36
Calculate the highest common divisor of 292360 and 190.
10
What is the greatest common factor of 1141 and 7834106?
1141
Calculate the highest common factor of 406 and 9618.
14
Calculate the greatest common divisor of 241042 and 44801.
631
Calculate the greatest common divisor of 1305 and 571068.
261
What is the highest common divisor of 10813 and 22?
11
Calculate the greatest common divisor of 1870 and 576620.
110
Calculate the highest common divisor of 28287 and 189.
63
What is the greatest common divisor of 170 and 258485?
85
What is the greatest common factor of 71309 and 122?
61
What is the highest common divisor of 896 and 65282?
14
What is the highest common divisor of 6336 and 1782?
198
Calculate the greatest common divisor of 3696 and 181984.
176
What is the greatest common factor of 174 and 16428?
6
What is the greatest common factor of 630 and 999450?
90
What is the highest common divisor of 20091 and 7783?
181
What is the highest common divisor of 9290 and 1370?
10
What is the greatest common divisor of 655110 and 174?
174
Calculate the greatest common factor of 5365 and 3515.
185
What is the greatest common factor of 8722 and 30883?
89
What is the highest common divisor of 58 and 113158?
58
What is the greatest common factor of 588 and 37443?
21
Calculate the greatest common factor of 65052 and 1390.
278
What is the greatest common factor of 153035 and 14219?
241
What is the highest common factor of 1152 and 18783?
9
What is the greatest common divisor of 35 and 242985?
5
What is the highest common factor of 38960 and 36?
4
What is the highest common factor of 1635468 and 12?
12
What is the greatest common factor of 4352 and 731?
17
Calculate the highest common divisor of 22 and 67903.
11
Calculate the highest common divisor of 7579 and 138853.
143
Calculate the greatest common factor of 325 and 17925.
25
What is the greatest common divisor of 14761 and 7308?
29
What is the highest common factor of 228624 and 176?
176
What is the greatest common divisor of 2926 and 4004?
154
What is the greatest common factor of 1729 and 4823?
91
What is the highest common divisor of 64 and 15376?
16
What is the highest common factor of 237 and 12956?
79
What is the greatest common divisor of 3204 and 1584?
36
What is the greatest common factor of 178 and 2518?
2
What is the highest common factor of 2888 and 100472?
152
Calculate the greatest common divisor of 5928 and 3732.
12
Calculate the highest common factor of 558 and 941067.
279
What is the highest common factor of 58786 and 57?
19
What is the greatest common factor of 1883 and 308?
7
Calculate the highest common factor of 1462 and 20167.
43
What is the highest common divisor of 11 and 21095063?
11
Calculate the greatest common factor of 123 and 661863.
123
What is the greatest common factor of 21520 and 320?
80
Calculate the greatest common divisor of 224904 and 24.
24
What is the greatest common factor of 1428777 and 189?
63
Calculate the greatest common factor of 10131 and 139071.
921
What is the highest common divisor of 9396 and 164916?
324
What is the highest common factor of 13899 and 126447?
339
What is the greatest common divisor of 10990 and 770?
70
Calculate the highest common divisor of 222 and 10239.
3
What is the greatest common factor of 9935 and 25?
5
Calculate the greatest common factor of 43 and 291884.
43
Calculate the highest common divisor of 11616 and 192.
96
Calculate the greatest common divisor of 10001 and 274.
137
What is the highest common divisor of 48900 and 360?
60
Calculate the highest common divisor of 24507 and 828.
9
Calculate the highest common factor of 15360 and 2.
2
What is the highest common factor of 35 and 927395?
35
Calculate the highest common factor of 126 and 951930.
126
Calculate the greatest common divisor of 395582 and 44.
22
What is the greatest common divisor of 950 and 130?
10
What is the greatest common factor of 4509428 and 8?
4
Calculate the highest common divisor of 392304 and 1320.
264
Calculate the highest common divisor of 318 and 122218.
106
What is the greatest common divisor of 26250 and 84?
42
What is the highest common factor of 105671 and 3789?
421
Calculate the greatest common factor of 2410825 and 219.
73
What is the highest common factor of 9280 and 1682?
58
What is the highest common factor of 5122 and 338?
26
What is the greatest common divisor of 22 and 39622?
22
What is the greatest common factor of 31482 and 4906?
22
Calculate the greatest common factor of 4603088 and 48.
16
Calculate the greatest common divisor of 77197 and 956.
239
What is the highest common divisor of 33701 and 201?
67
What is the highest common divisor of 426141 and 81?
81
What is the greatest common divisor of 1240 and 42935?
155
What is the greatest common factor of 13208 and 16?
8
Calculate the greatest common factor of 433633 and 1.
1
Calculate the highest common divisor of 1729 and 45409.
91
What is the highest common factor of 198 and 246?
6
Calculate the greatest common factor of 42 and 83118.
42
What is the greatest common divisor of 8181 and 139401?
81
Calculate the greatest common divisor of 9 and 6537.
3
What is the highest common factor of 3806 and 154?
22
Calculate the greatest common divisor of 130 and 5640.
10
What is the greatest common divisor of 1485 and 25080?
165
What is the highest common divisor of 2557854 and 6430?
1286
Calculate the greatest common divisor of 69531 and 1925.
77
What is the highest common divisor of 23973 and 48?
3
What is the highest common factor of 92 and 278714?
46
What is the greatest common factor of 100945 and 1430?
65
What is the greatest common divisor of 279799 and 13?
13
What is the highest common divisor of 12132 and 24938?
674
Calculate the highest common divisor of 222997 and 1211.
173
What is the greatest common divisor of 62 and 801226?
62
Calculate the highest common divisor of 13 and 1370291.
13
Calculate the highest common divisor of 13538 and 4942.
14
Calculate the greatest common divisor of 19018 and 42662.
514
What is the highest common factor of 5502 and 206718?
786
What is the greatest common factor of 249 and 1236?
3
What is the greatest common factor of 22780 and 110?
10
What is the highest common factor of 138246 and 6?
6
Calculate the highest common divisor of 220935 and 715.
715
What is the greatest common divisor of 4195 and 19?
1
Calculate the highest common factor of 816837 and 1358.
679
Calculate the greatest common divisor of 4669 and 394197.
667
Calculate the greatest common divisor of 101 and 725382.
101
Calculate the greatest common divisor of 824 and 12.
4
Calculate the highest common divisor of 170157 and 429.
39
What is the highest common divisor of 276991 and 122925?
1639
Calculate the greatest common divisor of 1809011 and 101.
101
What is the greatest common divisor of 4805618 and 394?
394
Calculate the greatest common divisor of 366 and 65514.
366
Calculate the highest common factor of 55374 and 25674.
66
What is the greatest common factor of 2227 and 391?
17
What is the greatest common divisor of 180444 and 2244?
132
Calculate the highest common factor of 6156 and 16587.
171
Calculate the highest common factor of 57439 and 21034.
809
What is the greatest common divisor of 1274 and 17101?
49
What is the greatest common factor of 79408 and 128?
16
What is the highest common factor of 4023 and 256041?
27
Calculate the greatest common factor of 482841 and 243.
243
What is the highest common divisor of 4740 and 768?
12
Calculate the highest common divisor of 8046 and 9018.
54
Calculate the greatest common factor of 387387 and 585.
117
Calculate the greatest common divisor of 200 and 2358520.
40
What is the highest common divisor of 263728 and 32?
16
What is the greatest common divisor of 64698 and 984?
246
Calculate the greatest common factor of 10126032 and 336.
336
Calculate the highest common divisor of 567 and 4473.
63
What is the highest common factor of 10934 and 34790?
994
What is the greatest common factor of 2080 and 629720?
520
What is the highest common divisor of 42 and 93506?
14
What is the highest common divisor of 4320 and 1602180?
540
Calculate the highest common factor of 6 and 342582.
6
What is the greatest common factor of 